{"id":43425,"date":"2015-04-16T13:43:06","date_gmt":"2015-04-16T13:43:06","guid":{"rendered":"https:\/\/moreholiday.cmsfacil.eu\/apartaments-rurals\/"},"modified":"2021-06-25T15:22:15","modified_gmt":"2021-06-25T15:22:15","slug":"appartement-rural","status":"publish","type":"page","link":"https:\/\/fabrega-goertzen.com\/fr\/appartement-rural\/","title":{"rendered":"Appartement rural"},"content":{"rendered":"\t\t<div data-elementor-type=\"wp-page\" data-elementor-id=\"43425\" class=\"elementor elementor-43425 elementor-155\" data-elementor-post-type=\"page\">\n\t\t\t\t\t\t<section class=\"elementor-section elementor-top-section elementor-element elementor-element-1a283c2a elementor-section-boxed elementor-section-height-default elementor-section-height-default\" data-id=\"1a283c2a\" data-element_type=\"section\" data-e-type=\"section\">\n\t\t\t\t\t\t<div class=\"elementor-container elementor-column-gap-default\">\n\t\t\t\t\t<div class=\"elementor-column elementor-col-100 elementor-top-column elementor-element elementor-element-2a28d827\" data-id=\"2a28d827\" data-element_type=\"column\" data-e-type=\"column\">\n\t\t\t<div class=\"elementor-widget-wrap elementor-element-populated\">\n\t\t\t\t\t\t<div class=\"elementor-element elementor-element-15605d6d elementor-widget elementor-widget-text-editor\" data-id=\"15605d6d\" data-element_type=\"widget\" data-e-type=\"widget\" data-widget_type=\"text-editor.default\">\n\t\t\t\t<div class=\"elementor-widget-container\">\n\t\t\t\t\t\t\t\t\t<div class=\"single-content\"><div class=\"elementor elementor-35522\" data-elementor-type=\"wp-page\" data-elementor-id=\"35522\" data-elementor-settings=\"[]\"><div class=\"elementor-inner\"><div class=\"elementor-section-wrap\"><section class=\"elementor-section elementor-top-section elementor-element elementor-element-28a05e48 elementor-section-boxed elementor-section-height-default elementor-section-height-default\" data-id=\"28a05e48\" data-element_type=\"section\"><div class=\"elementor-container elementor-column-gap-default\"><div class=\"elementor-row\"><div class=\"elementor-column elementor-col-100 elementor-top-column elementor-element elementor-element-6873cc50\" data-id=\"6873cc50\" data-element_type=\"column\"><div class=\"elementor-column-wrap elementor-element-populated\"><div class=\"elementor-widget-wrap\"><div class=\"elementor-element elementor-element-4644c16f elementor-widget elementor-widget-text-editor\" data-id=\"4644c16f\" data-element_type=\"widget\" data-widget_type=\"text-editor.default\"><div class=\"elementor-widget-container\"><div class=\"elementor-text-editor elementor-clearfix\"><p>Les appartements ruraux sont des logements situ\u00e9s en milieu rural et sont parfaits pour profiter de quelques jours en famille ou en couple. Ils se caract\u00e9risent par leur taille plus petite que les chalets et offrent pratiquement les m\u00eames services que les chalets.<\/p><\/div><\/div><\/div><\/div><\/div><\/div><\/div><\/div><\/section><\/div><\/div><\/div><\/div>\t\t\t\t\t\t\t\t<\/div>\n\t\t\t\t<\/div>\n\t\t\t\t\t<\/div>\n\t\t<\/div>\n\t\t\t\t\t<\/div>\n\t\t<\/section>\n\t\t\t\t<\/div>\n\t\t","protected":false},"excerpt":{"rendered":"<p>Les appartements ruraux sont des logements situ\u00e9s en milieu rural et sont parfaits pour profiter de quelques jours en famille ou en couple. Ils se caract\u00e9risent par leur taille plus petite que les chalets et offrent pratiquement les m\u00eames services que les chalets.<\/p>\n","protected":false},"author":2,"featured_media":0,"parent":0,"menu_order":0,"comment_status":"open","ping_status":"open","template":"property_list.php","meta":{"_acf_changed":false,"footnotes":""},"class_list":["post-43425","page","type-page","status-publish","hentry"],"acf":[],"yoast_head":"<!-- This site is optimized with the Yoast SEO plugin v27.4 - https:\/\/yoast.com\/product\/yoast-seo-wordpress\/ -->\n<title>Appartement rural I Costa Brava &amp; Pirineus I More Holiday<\/title>\n<meta name=\"description\" content=\"Escapa&#039;t a un apartament rural amb encant I A More Holiday trobar\u00e0s els millors apartaments rurals de la Costa Brava i els Pirineus.\" \/>\n<meta name=\"robots\" content=\"index, follow, max-snippet:-1, max-image-preview:large, max-video-preview:-1\" \/>\n<link rel=\"canonical\" href=\"https:\/\/fabrega-goertzen.com\/fr\/appartement-rural\/\" \/>\n<meta property=\"og:locale\" content=\"fr_FR\" \/>\n<meta property=\"og:type\" content=\"article\" \/>\n<meta property=\"og:title\" content=\"Appartement rural I Costa Brava &amp; Pirineus I More Holiday\" \/>\n<meta property=\"og:description\" content=\"Escapa&#039;t a un apartament rural amb encant I A More Holiday trobar\u00e0s els millors apartaments rurals de la Costa Brava i els Pirineus.\" \/>\n<meta property=\"og:url\" content=\"https:\/\/fabrega-goertzen.com\/fr\/appartement-rural\/\" \/>\n<meta property=\"og:site_name\" content=\"Fabrega-Goertzen\" \/>\n<meta property=\"article:modified_time\" content=\"2021-06-25T15:22:15+00:00\" \/>\n<meta name=\"twitter:card\" content=\"summary_large_image\" \/>\n<meta name=\"twitter:label1\" content=\"Dur\u00e9e de lecture estim\u00e9e\" \/>\n\t<meta name=\"twitter:data1\" content=\"1 minute\" \/>\n<script type=\"application\/ld+json\" class=\"yoast-schema-graph\">{\"@context\":\"https:\\\/\\\/schema.org\",\"@graph\":[{\"@type\":\"WebPage\",\"@id\":\"https:\\\/\\\/fabrega-goertzen.com\\\/fr\\\/appartement-rural\\\/\",\"url\":\"https:\\\/\\\/fabrega-goertzen.com\\\/fr\\\/appartement-rural\\\/\",\"name\":\"Appartement rural I Costa Brava & Pirineus I More Holiday\",\"isPartOf\":{\"@id\":\"https:\\\/\\\/fabrega-goertzen.com\\\/#website\"},\"datePublished\":\"2015-04-16T13:43:06+00:00\",\"dateModified\":\"2021-06-25T15:22:15+00:00\",\"description\":\"Escapa't a un apartament rural amb encant I A More Holiday trobar\u00e0s els millors apartaments rurals de la Costa Brava i els Pirineus.\",\"breadcrumb\":{\"@id\":\"https:\\\/\\\/fabrega-goertzen.com\\\/fr\\\/appartement-rural\\\/#breadcrumb\"},\"inLanguage\":\"fr-FR\",\"potentialAction\":[{\"@type\":\"ReadAction\",\"target\":[\"https:\\\/\\\/fabrega-goertzen.com\\\/fr\\\/appartement-rural\\\/\"]}]},{\"@type\":\"BreadcrumbList\",\"@id\":\"https:\\\/\\\/fabrega-goertzen.com\\\/fr\\\/appartement-rural\\\/#breadcrumb\",\"itemListElement\":[{\"@type\":\"ListItem\",\"position\":1,\"name\":\"Home\",\"item\":\"https:\\\/\\\/fabrega-goertzen.com\\\/fr\\\/\"},{\"@type\":\"ListItem\",\"position\":2,\"name\":\"Appartement rural\"}]},{\"@type\":\"WebSite\",\"@id\":\"https:\\\/\\\/fabrega-goertzen.com\\\/#website\",\"url\":\"https:\\\/\\\/fabrega-goertzen.com\\\/\",\"name\":\"Fabrega-Goertzen\",\"description\":\"Fabrega-Goertzen\",\"potentialAction\":[{\"@type\":\"SearchAction\",\"target\":{\"@type\":\"EntryPoint\",\"urlTemplate\":\"https:\\\/\\\/fabrega-goertzen.com\\\/?s={search_term_string}\"},\"query-input\":{\"@type\":\"PropertyValueSpecification\",\"valueRequired\":true,\"valueName\":\"search_term_string\"}}],\"inLanguage\":\"fr-FR\"}]}<\/script>\n<!-- \/ Yoast SEO plugin. -->","yoast_head_json":{"title":"Appartement rural I Costa Brava & Pirineus I More Holiday","description":"Escapa't a un apartament rural amb encant I A More Holiday trobar\u00e0s els millors apartaments rurals de la Costa Brava i els Pirineus.","robots":{"index":"index","follow":"follow","max-snippet":"max-snippet:-1","max-image-preview":"max-image-preview:large","max-video-preview":"max-video-preview:-1"},"canonical":"https:\/\/fabrega-goertzen.com\/fr\/appartement-rural\/","og_locale":"fr_FR","og_type":"article","og_title":"Appartement rural I Costa Brava & Pirineus I More Holiday","og_description":"Escapa't a un apartament rural amb encant I A More Holiday trobar\u00e0s els millors apartaments rurals de la Costa Brava i els Pirineus.","og_url":"https:\/\/fabrega-goertzen.com\/fr\/appartement-rural\/","og_site_name":"Fabrega-Goertzen","article_modified_time":"2021-06-25T15:22:15+00:00","twitter_card":"summary_large_image","twitter_misc":{"Dur\u00e9e de lecture estim\u00e9e":"1 minute"},"schema":{"@context":"https:\/\/schema.org","@graph":[{"@type":"WebPage","@id":"https:\/\/fabrega-goertzen.com\/fr\/appartement-rural\/","url":"https:\/\/fabrega-goertzen.com\/fr\/appartement-rural\/","name":"Appartement rural I Costa Brava & Pirineus I More Holiday","isPartOf":{"@id":"https:\/\/fabrega-goertzen.com\/#website"},"datePublished":"2015-04-16T13:43:06+00:00","dateModified":"2021-06-25T15:22:15+00:00","description":"Escapa't a un apartament rural amb encant I A More Holiday trobar\u00e0s els millors apartaments rurals de la Costa Brava i els Pirineus.","breadcrumb":{"@id":"https:\/\/fabrega-goertzen.com\/fr\/appartement-rural\/#breadcrumb"},"inLanguage":"fr-FR","potentialAction":[{"@type":"ReadAction","target":["https:\/\/fabrega-goertzen.com\/fr\/appartement-rural\/"]}]},{"@type":"BreadcrumbList","@id":"https:\/\/fabrega-goertzen.com\/fr\/appartement-rural\/#breadcrumb","itemListElement":[{"@type":"ListItem","position":1,"name":"Home","item":"https:\/\/fabrega-goertzen.com\/fr\/"},{"@type":"ListItem","position":2,"name":"Appartement rural"}]},{"@type":"WebSite","@id":"https:\/\/fabrega-goertzen.com\/#website","url":"https:\/\/fabrega-goertzen.com\/","name":"Fabrega-Goertzen","description":"Fabrega-Goertzen","potentialAction":[{"@type":"SearchAction","target":{"@type":"EntryPoint","urlTemplate":"https:\/\/fabrega-goertzen.com\/?s={search_term_string}"},"query-input":{"@type":"PropertyValueSpecification","valueRequired":true,"valueName":"search_term_string"}}],"inLanguage":"fr-FR"}]}},"_links":{"self":[{"href":"https:\/\/fabrega-goertzen.com\/fr\/wp-json\/wp\/v2\/pages\/43425","targetHints":{"allow":["GET"]}}],"collection":[{"href":"https:\/\/fabrega-goertzen.com\/fr\/wp-json\/wp\/v2\/pages"}],"about":[{"href":"https:\/\/fabrega-goertzen.com\/fr\/wp-json\/wp\/v2\/types\/page"}],"author":[{"embeddable":true,"href":"https:\/\/fabrega-goertzen.com\/fr\/wp-json\/wp\/v2\/users\/2"}],"replies":[{"embeddable":true,"href":"https:\/\/fabrega-goertzen.com\/fr\/wp-json\/wp\/v2\/comments?post=43425"}],"version-history":[{"count":0,"href":"https:\/\/fabrega-goertzen.com\/fr\/wp-json\/wp\/v2\/pages\/43425\/revisions"}],"wp:attachment":[{"href":"https:\/\/fabrega-goertzen.com\/fr\/wp-json\/wp\/v2\/media?parent=43425"}],"curies":[{"name":"wp","href":"https:\/\/api.w.org\/{rel}","templated":true}]}}

<div data-elementor-type="wp-page" data-elementor-id="43425" class="elementor elementor-43425 elementor-155" data-elementor-post-type="page">
						<section class="elementor-section elementor-top-section elementor-element elementor-element-1a283c2a elementor-section-boxed elementor-section-height-default elementor-section-height-default" data-id="1a283c2a" data-element_type="section" data-e-type="section">
						<div class="elementor-container elementor-column-gap-default">
					<div class="elementor-column elementor-col-100 elementor-top-column elementor-element elementor-element-2a28d827" data-id="2a28d827" data-element_type="column" data-e-type="column">
			<div class="elementor-widget-wrap elementor-element-populated">
						<div class="elementor-element elementor-element-15605d6d elementor-widget elementor-widget-text-editor" data-id="15605d6d" data-element_type="widget" data-e-type="widget" data-widget_type="text-editor.default">
				<div class="elementor-widget-container">
									<div class="single-content"><div class="elementor elementor-35522" data-elementor-type="wp-page" data-elementor-id="35522" data-elementor-settings="[]"><div class="elementor-inner"><div class="elementor-section-wrap"><section class="elementor-section elementor-top-section elementor-element elementor-element-28a05e48 elementor-section-boxed elementor-section-height-default elementor-section-height-default" data-id="28a05e48" data-element_type="section"><div class="elementor-container elementor-column-gap-default"><div class="elementor-row"><div class="elementor-column elementor-col-100 elementor-top-column elementor-element elementor-element-6873cc50" data-id="6873cc50" data-element_type="column"><div class="elementor-column-wrap elementor-element-populated"><div class="elementor-widget-wrap"><div class="elementor-element elementor-element-4644c16f elementor-widget elementor-widget-text-editor" data-id="4644c16f" data-element_type="widget" data-widget_type="text-editor.default"><div class="elementor-widget-container"><div class="elementor-text-editor elementor-clearfix"><p>Les appartements ruraux sont des logements situés en milieu rural et sont parfaits pour profiter de quelques jours en famille ou en couple. Ils se caractérisent par leur taille plus petite que les chalets et offrent pratiquement les mêmes services que les chalets.</p></div></div></div></div></div></div></div></div></section></div></div></div></div>								</div>
				</div>
					</div>
		</div>
					</div>
		</section>
				</div>

<p>Les appartements ruraux sont des logements situés en milieu rural et sont parfaits pour profiter de quelques jours en famille ou en couple. Ils se caractérisent par leur taille plus petite que les chalets et offrent pratiquement les mêmes services que les chalets.</p>

<!-- This site is optimized with the Yoast SEO plugin v27.4 - https://yoast.com/product/yoast-seo-wordpress/ -->
<title>Appartement rural I Costa Brava &amp; Pirineus I More Holiday</title>
<meta name="description" content="Escapa&#039;t a un apartament rural amb encant I A More Holiday trobaràs els millors apartaments rurals de la Costa Brava i els Pirineus." />
<meta name="robots" content="index, follow, max-snippet:-1, max-image-preview:large, max-video-preview:-1" />
<link rel="canonical" href="https://fabrega-goertzen.com/fr/appartement-rural/" />
<meta property="og:locale" content="fr_FR" />
<meta property="og:type" content="article" />
<meta property="og:title" content="Appartement rural I Costa Brava &amp; Pirineus I More Holiday" />
<meta property="og:description" content="Escapa&#039;t a un apartament rural amb encant I A More Holiday trobaràs els millors apartaments rurals de la Costa Brava i els Pirineus." />
<meta property="og:url" content="https://fabrega-goertzen.com/fr/appartement-rural/" />
<meta property="og:site_name" content="Fabrega-Goertzen" />
<meta property="article:modified_time" content="2021-06-25T15:22:15+00:00" />
<meta name="twitter:card" content="summary_large_image" />
<meta name="twitter:label1" content="Durée de lecture estimée" />
	<meta name="twitter:data1" content="1 minute" />
<script type="application/ld+json" class="yoast-schema-graph">{"@context":"https:\/\/schema.org","@graph":[{"@type":"WebPage","@id":"https:\/\/fabrega-goertzen.com\/fr\/appartement-rural\/","url":"https:\/\/fabrega-goertzen.com\/fr\/appartement-rural\/","name":"Appartement rural I Costa Brava & Pirineus I More Holiday","isPartOf":{"@id":"https:\/\/fabrega-goertzen.com\/#website"},"datePublished":"2015-04-16T13:43:06+00:00","dateModified":"2021-06-25T15:22:15+00:00","description":"Escapa't a un apartament rural amb encant I A More Holiday trobaràs els millors apartaments rurals de la Costa Brava i els Pirineus.","breadcrumb":{"@id":"https:\/\/fabrega-goertzen.com\/fr\/appartement-rural\/#breadcrumb"},"inLanguage":"fr-FR","potentialAction":[{"@type":"ReadAction","target":["https:\/\/fabrega-goertzen.com\/fr\/appartement-rural\/"]}]},{"@type":"BreadcrumbList","@id":"https:\/\/fabrega-goertzen.com\/fr\/appartement-rural\/#breadcrumb","itemListElement":[{"@type":"ListItem","position":1,"name":"Home","item":"https:\/\/fabrega-goertzen.com\/fr\/"},{"@type":"ListItem","position":2,"name":"Appartement rural"}]},{"@type":"WebSite","@id":"https:\/\/fabrega-goertzen.com\/#website","url":"https:\/\/fabrega-goertzen.com\/","name":"Fabrega-Goertzen","description":"Fabrega-Goertzen","potentialAction":[{"@type":"SearchAction","target":{"@type":"EntryPoint","urlTemplate":"https:\/\/fabrega-goertzen.com\/?s={search_term_string}"},"query-input":{"@type":"PropertyValueSpecification","valueRequired":true,"valueName":"search_term_string"}}],"inLanguage":"fr-FR"}]}</script>
<!-- / Yoast SEO plugin. -->

Escapa't a un apartament rural amb encant I A More Holiday trobaràs els millors apartaments rurals de la Costa Brava i els Pirineus.
