{"id":43434,"date":"2021-02-04T11:20:25","date_gmt":"2021-02-04T11:20:25","guid":{"rendered":"https:\/\/moreholiday.cmsfacil.eu\/habitacions-rurals\/"},"modified":"2021-06-25T15:37:31","modified_gmt":"2021-06-25T15:37:31","slug":"chambres-rurales","status":"publish","type":"page","link":"https:\/\/fabrega-goertzen.com\/fr\/chambres-rurales\/","title":{"rendered":"Chambres rurales"},"content":{"rendered":"\t\t<div data-elementor-type=\"wp-page\" data-elementor-id=\"43434\" class=\"elementor elementor-43434 elementor-35532\" data-elementor-post-type=\"page\">\n\t\t\t\t\t\t<section class=\"elementor-section elementor-top-section elementor-element elementor-element-506e2468 elementor-section-boxed elementor-section-height-default elementor-section-height-default\" data-id=\"506e2468\" data-element_type=\"section\" data-e-type=\"section\">\n\t\t\t\t\t\t<div class=\"elementor-container elementor-column-gap-default\">\n\t\t\t\t\t<div class=\"elementor-column elementor-col-100 elementor-top-column elementor-element elementor-element-519a0367\" data-id=\"519a0367\" data-element_type=\"column\" data-e-type=\"column\">\n\t\t\t<div class=\"elementor-widget-wrap elementor-element-populated\">\n\t\t\t\t\t\t<div class=\"elementor-element elementor-element-7f535aaa elementor-widget elementor-widget-text-editor\" data-id=\"7f535aaa\" data-element_type=\"widget\" data-e-type=\"widget\" data-widget_type=\"text-editor.default\">\n\t\t\t\t<div class=\"elementor-widget-container\">\n\t\t\t\t\t\t\t\t\t<p>Envie de dormir dans un beau cadre champ\u00eatre ? Les chambres rurales vous permettent de passer des s\u00e9jours dans de magnifiques maisons rurales, situ\u00e9es dans des milieux naturels exceptionnels.<\/p>\t\t\t\t\t\t\t\t<\/div>\n\t\t\t\t<\/div>\n\t\t\t\t\t<\/div>\n\t\t<\/div>\n\t\t\t\t\t<\/div>\n\t\t<\/section>\n\t\t\t\t<\/div>\n\t\t","protected":false},"excerpt":{"rendered":"<p>Envie de dormir dans un beau cadre champ\u00eatre ? Les chambres rurales vous permettent de passer des s\u00e9jours dans de magnifiques maisons rurales, situ\u00e9es dans des milieux naturels exceptionnels.<\/p>\n","protected":false},"author":2,"featured_media":0,"parent":0,"menu_order":0,"comment_status":"open","ping_status":"open","template":"property_list.php","meta":{"_acf_changed":false,"footnotes":""},"class_list":["post-43434","page","type-page","status-publish","hentry"],"acf":[],"yoast_head":"<!-- This site is optimized with the Yoast SEO plugin v27.4 - https:\/\/yoast.com\/product\/yoast-seo-wordpress\/ -->\n<title>Habitacions Rurals I Costa Brava &amp; Pirineus I More Holiday<\/title>\n<meta name=\"description\" content=\"Escapa&#039;t a una habitaci\u00f3 rural amb encant I A More Holiday trobar\u00e0s les millors habitacions rurals de la Costa Brava i els Pirineus.\" \/>\n<meta name=\"robots\" content=\"index, follow, max-snippet:-1, max-image-preview:large, max-video-preview:-1\" \/>\n<link rel=\"canonical\" href=\"https:\/\/fabrega-goertzen.com\/fr\/chambres-rurales\/\" \/>\n<meta property=\"og:locale\" content=\"fr_FR\" \/>\n<meta property=\"og:type\" content=\"article\" \/>\n<meta property=\"og:title\" content=\"Habitacions Rurals I Costa Brava &amp; Pirineus I More Holiday\" \/>\n<meta property=\"og:description\" content=\"Escapa&#039;t a una habitaci\u00f3 rural amb encant I A More Holiday trobar\u00e0s les millors habitacions rurals de la Costa Brava i els Pirineus.\" \/>\n<meta property=\"og:url\" content=\"https:\/\/fabrega-goertzen.com\/fr\/chambres-rurales\/\" \/>\n<meta property=\"og:site_name\" content=\"Fabrega-Goertzen\" \/>\n<meta property=\"article:modified_time\" content=\"2021-06-25T15:37:31+00:00\" \/>\n<meta name=\"twitter:card\" content=\"summary_large_image\" \/>\n<meta name=\"twitter:label1\" content=\"Dur\u00e9e de lecture estim\u00e9e\" \/>\n\t<meta name=\"twitter:data1\" content=\"1 minute\" \/>\n<script type=\"application\/ld+json\" class=\"yoast-schema-graph\">{\"@context\":\"https:\\\/\\\/schema.org\",\"@graph\":[{\"@type\":\"WebPage\",\"@id\":\"https:\\\/\\\/fabrega-goertzen.com\\\/fr\\\/chambres-rurales\\\/\",\"url\":\"https:\\\/\\\/fabrega-goertzen.com\\\/fr\\\/chambres-rurales\\\/\",\"name\":\"Habitacions Rurals I Costa Brava & Pirineus I More Holiday\",\"isPartOf\":{\"@id\":\"https:\\\/\\\/fabrega-goertzen.com\\\/#website\"},\"datePublished\":\"2021-02-04T11:20:25+00:00\",\"dateModified\":\"2021-06-25T15:37:31+00:00\",\"description\":\"Escapa't a una habitaci\u00f3 rural amb encant I A More Holiday trobar\u00e0s les millors habitacions rurals de la Costa Brava i els Pirineus.\",\"breadcrumb\":{\"@id\":\"https:\\\/\\\/fabrega-goertzen.com\\\/fr\\\/chambres-rurales\\\/#breadcrumb\"},\"inLanguage\":\"fr-FR\",\"potentialAction\":[{\"@type\":\"ReadAction\",\"target\":[\"https:\\\/\\\/fabrega-goertzen.com\\\/fr\\\/chambres-rurales\\\/\"]}]},{\"@type\":\"BreadcrumbList\",\"@id\":\"https:\\\/\\\/fabrega-goertzen.com\\\/fr\\\/chambres-rurales\\\/#breadcrumb\",\"itemListElement\":[{\"@type\":\"ListItem\",\"position\":1,\"name\":\"Home\",\"item\":\"https:\\\/\\\/fabrega-goertzen.com\\\/fr\\\/\"},{\"@type\":\"ListItem\",\"position\":2,\"name\":\"Chambres rurales\"}]},{\"@type\":\"WebSite\",\"@id\":\"https:\\\/\\\/fabrega-goertzen.com\\\/#website\",\"url\":\"https:\\\/\\\/fabrega-goertzen.com\\\/\",\"name\":\"Fabrega-Goertzen\",\"description\":\"Fabrega-Goertzen\",\"potentialAction\":[{\"@type\":\"SearchAction\",\"target\":{\"@type\":\"EntryPoint\",\"urlTemplate\":\"https:\\\/\\\/fabrega-goertzen.com\\\/?s={search_term_string}\"},\"query-input\":{\"@type\":\"PropertyValueSpecification\",\"valueRequired\":true,\"valueName\":\"search_term_string\"}}],\"inLanguage\":\"fr-FR\"}]}<\/script>\n<!-- \/ Yoast SEO plugin. -->","yoast_head_json":{"title":"Habitacions Rurals I Costa Brava & Pirineus I More Holiday","description":"Escapa't a una habitaci\u00f3 rural amb encant I A More Holiday trobar\u00e0s les millors habitacions rurals de la Costa Brava i els Pirineus.","robots":{"index":"index","follow":"follow","max-snippet":"max-snippet:-1","max-image-preview":"max-image-preview:large","max-video-preview":"max-video-preview:-1"},"canonical":"https:\/\/fabrega-goertzen.com\/fr\/chambres-rurales\/","og_locale":"fr_FR","og_type":"article","og_title":"Habitacions Rurals I Costa Brava & Pirineus I More Holiday","og_description":"Escapa't a una habitaci\u00f3 rural amb encant I A More Holiday trobar\u00e0s les millors habitacions rurals de la Costa Brava i els Pirineus.","og_url":"https:\/\/fabrega-goertzen.com\/fr\/chambres-rurales\/","og_site_name":"Fabrega-Goertzen","article_modified_time":"2021-06-25T15:37:31+00:00","twitter_card":"summary_large_image","twitter_misc":{"Dur\u00e9e de lecture estim\u00e9e":"1 minute"},"schema":{"@context":"https:\/\/schema.org","@graph":[{"@type":"WebPage","@id":"https:\/\/fabrega-goertzen.com\/fr\/chambres-rurales\/","url":"https:\/\/fabrega-goertzen.com\/fr\/chambres-rurales\/","name":"Habitacions Rurals I Costa Brava & Pirineus I More Holiday","isPartOf":{"@id":"https:\/\/fabrega-goertzen.com\/#website"},"datePublished":"2021-02-04T11:20:25+00:00","dateModified":"2021-06-25T15:37:31+00:00","description":"Escapa't a una habitaci\u00f3 rural amb encant I A More Holiday trobar\u00e0s les millors habitacions rurals de la Costa Brava i els Pirineus.","breadcrumb":{"@id":"https:\/\/fabrega-goertzen.com\/fr\/chambres-rurales\/#breadcrumb"},"inLanguage":"fr-FR","potentialAction":[{"@type":"ReadAction","target":["https:\/\/fabrega-goertzen.com\/fr\/chambres-rurales\/"]}]},{"@type":"BreadcrumbList","@id":"https:\/\/fabrega-goertzen.com\/fr\/chambres-rurales\/#breadcrumb","itemListElement":[{"@type":"ListItem","position":1,"name":"Home","item":"https:\/\/fabrega-goertzen.com\/fr\/"},{"@type":"ListItem","position":2,"name":"Chambres rurales"}]},{"@type":"WebSite","@id":"https:\/\/fabrega-goertzen.com\/#website","url":"https:\/\/fabrega-goertzen.com\/","name":"Fabrega-Goertzen","description":"Fabrega-Goertzen","potentialAction":[{"@type":"SearchAction","target":{"@type":"EntryPoint","urlTemplate":"https:\/\/fabrega-goertzen.com\/?s={search_term_string}"},"query-input":{"@type":"PropertyValueSpecification","valueRequired":true,"valueName":"search_term_string"}}],"inLanguage":"fr-FR"}]}},"_links":{"self":[{"href":"https:\/\/fabrega-goertzen.com\/fr\/wp-json\/wp\/v2\/pages\/43434","targetHints":{"allow":["GET"]}}],"collection":[{"href":"https:\/\/fabrega-goertzen.com\/fr\/wp-json\/wp\/v2\/pages"}],"about":[{"href":"https:\/\/fabrega-goertzen.com\/fr\/wp-json\/wp\/v2\/types\/page"}],"author":[{"embeddable":true,"href":"https:\/\/fabrega-goertzen.com\/fr\/wp-json\/wp\/v2\/users\/2"}],"replies":[{"embeddable":true,"href":"https:\/\/fabrega-goertzen.com\/fr\/wp-json\/wp\/v2\/comments?post=43434"}],"version-history":[{"count":0,"href":"https:\/\/fabrega-goertzen.com\/fr\/wp-json\/wp\/v2\/pages\/43434\/revisions"}],"wp:attachment":[{"href":"https:\/\/fabrega-goertzen.com\/fr\/wp-json\/wp\/v2\/media?parent=43434"}],"curies":[{"name":"wp","href":"https:\/\/api.w.org\/{rel}","templated":true}]}}

<div data-elementor-type="wp-page" data-elementor-id="43434" class="elementor elementor-43434 elementor-35532" data-elementor-post-type="page">
						<section class="elementor-section elementor-top-section elementor-element elementor-element-506e2468 elementor-section-boxed elementor-section-height-default elementor-section-height-default" data-id="506e2468" data-element_type="section" data-e-type="section">
						<div class="elementor-container elementor-column-gap-default">
					<div class="elementor-column elementor-col-100 elementor-top-column elementor-element elementor-element-519a0367" data-id="519a0367" data-element_type="column" data-e-type="column">
			<div class="elementor-widget-wrap elementor-element-populated">
						<div class="elementor-element elementor-element-7f535aaa elementor-widget elementor-widget-text-editor" data-id="7f535aaa" data-element_type="widget" data-e-type="widget" data-widget_type="text-editor.default">
				<div class="elementor-widget-container">
									<p>Envie de dormir dans un beau cadre champêtre ? Les chambres rurales vous permettent de passer des séjours dans de magnifiques maisons rurales, situées dans des milieux naturels exceptionnels.</p>								</div>
				</div>
					</div>
		</div>
					</div>
		</section>
				</div>

<p>Envie de dormir dans un beau cadre champêtre ? Les chambres rurales vous permettent de passer des séjours dans de magnifiques maisons rurales, situées dans des milieux naturels exceptionnels.</p>

<!-- This site is optimized with the Yoast SEO plugin v27.4 - https://yoast.com/product/yoast-seo-wordpress/ -->
<title>Habitacions Rurals I Costa Brava &amp; Pirineus I More Holiday</title>
<meta name="description" content="Escapa&#039;t a una habitació rural amb encant I A More Holiday trobaràs les millors habitacions rurals de la Costa Brava i els Pirineus." />
<meta name="robots" content="index, follow, max-snippet:-1, max-image-preview:large, max-video-preview:-1" />
<link rel="canonical" href="https://fabrega-goertzen.com/fr/chambres-rurales/" />
<meta property="og:locale" content="fr_FR" />
<meta property="og:type" content="article" />
<meta property="og:title" content="Habitacions Rurals I Costa Brava &amp; Pirineus I More Holiday" />
<meta property="og:description" content="Escapa&#039;t a una habitació rural amb encant I A More Holiday trobaràs les millors habitacions rurals de la Costa Brava i els Pirineus." />
<meta property="og:url" content="https://fabrega-goertzen.com/fr/chambres-rurales/" />
<meta property="og:site_name" content="Fabrega-Goertzen" />
<meta property="article:modified_time" content="2021-06-25T15:37:31+00:00" />
<meta name="twitter:card" content="summary_large_image" />
<meta name="twitter:label1" content="Durée de lecture estimée" />
	<meta name="twitter:data1" content="1 minute" />
<script type="application/ld+json" class="yoast-schema-graph">{"@context":"https:\/\/schema.org","@graph":[{"@type":"WebPage","@id":"https:\/\/fabrega-goertzen.com\/fr\/chambres-rurales\/","url":"https:\/\/fabrega-goertzen.com\/fr\/chambres-rurales\/","name":"Habitacions Rurals I Costa Brava & Pirineus I More Holiday","isPartOf":{"@id":"https:\/\/fabrega-goertzen.com\/#website"},"datePublished":"2021-02-04T11:20:25+00:00","dateModified":"2021-06-25T15:37:31+00:00","description":"Escapa't a una habitació rural amb encant I A More Holiday trobaràs les millors habitacions rurals de la Costa Brava i els Pirineus.","breadcrumb":{"@id":"https:\/\/fabrega-goertzen.com\/fr\/chambres-rurales\/#breadcrumb"},"inLanguage":"fr-FR","potentialAction":[{"@type":"ReadAction","target":["https:\/\/fabrega-goertzen.com\/fr\/chambres-rurales\/"]}]},{"@type":"BreadcrumbList","@id":"https:\/\/fabrega-goertzen.com\/fr\/chambres-rurales\/#breadcrumb","itemListElement":[{"@type":"ListItem","position":1,"name":"Home","item":"https:\/\/fabrega-goertzen.com\/fr\/"},{"@type":"ListItem","position":2,"name":"Chambres rurales"}]},{"@type":"WebSite","@id":"https:\/\/fabrega-goertzen.com\/#website","url":"https:\/\/fabrega-goertzen.com\/","name":"Fabrega-Goertzen","description":"Fabrega-Goertzen","potentialAction":[{"@type":"SearchAction","target":{"@type":"EntryPoint","urlTemplate":"https:\/\/fabrega-goertzen.com\/?s={search_term_string}"},"query-input":{"@type":"PropertyValueSpecification","valueRequired":true,"valueName":"search_term_string"}}],"inLanguage":"fr-FR"}]}</script>
<!-- / Yoast SEO plugin. -->

Escapa't a una habitació rural amb encant I A More Holiday trobaràs les millors habitacions rurals de la Costa Brava i els Pirineus.
